 2) to base 12.
-2913a
What is -20012000120120 (base 3) in base 6?
-154243453
What is 2cc0 (base 14) in base 7?
32230
Convert 3272587 (base 11) to base 15.
7867c4
What is -53340401 (base 6) in base 2?
-101111110111000110001
Convert 157a3a (base 13) to base 2.
10000001101100010000
Convert -18620 (base 9) to base 3.
-122200200
Convert -203415432 (base 7) to base 11.
-6825335
132031340 (base 6) to base 11
1528196
What is e4334 (base 15) in base 16?
b081e
What is 120323133 (base 4) in base 11?
6a799
-59def (base 16) to base 13
-cb723
What is 106779 (base 10) in base 15?
21989
1010001010011001100101 (base 2) to base 11
155a592
What is 24534744 (base 9) in base 5?
11033311103
Convert -503173 (base 8) to base 14.
-44455
Convert 120110010 (base 3) to base 2.
10101111111110
What is 6212514 (base 7) in base 11?
46812a
-129d5a (base 15) to base 5
-212102020
Convert -412831 (base 10) to base 4.
-1210302133
Convert -212155251 (base 6) to base 5.
-1424413134
What is 111010000101000100 (base 2) in base 5?
30103032
Convert 410034 (base 10) to base 11.
260079
What is -e18c4 (base 16) in base 8?
-3414304
What is 9197 (base 10) in base 15?
2ad2
What is 4124640 (base 7) in base 11?
30808a
What is 608391 (base 11) in base 13?
282b6c
What is -20333023 (base 6) in base 2?
-10001111011111100111
Convert 25f25 (base 16) to base 9.
256178
Convert 9c2a6d (base 14) to base 4.
110100020121
What is 1954762 (base 10) in base 13?
535984
What is 1303134 (base 5) in base 6?
313403
Convert -5575601 (base 8) to base 7.
-15542121
What is -2ab20 (base 13) in base 6?
-1422521
What is -11ca32 (base 13) in base 2?
-1101000011110101101
What is -23310121 (base 4) in base 5?
-3022114
1b00988 (base 12) to base 13
12557cc
-22101232 (base 4) to base 3
-2010202001
What is 317645 (base 11) in base 7?
4213501
Convert 165532 (base 8) to base 10.
60250
318b3 (base 16) to base 3
101022100222
What is 1650120 (base 9) in base 11?
578207
What is 500c7 (base 16) in base 4?
1100003013
What is 1a95926 (base 11) in base 2?
1101011011110001001100
-38cdba (base 14) to base 15
-289a45
-7b70d (base 16) to base 4
-1323130031
-6bc245 (base 13) to base 6
-131020024
-1102110001211 (base 3) to base 6
-24115251
-30760c (base 16) to base 13
-872779
What is -115980 (base 11) in base 6?
-3533352
-84461 (base 9) to base 15
-117dd
-22ee9 (base 15) to base 9
-178683
98ee69 (base 15) to base 13
1683147
What is -10011100001001011010 (base 2) in base 13?
-195164
Convert -213047 (base 10) to base 13.
-75c83
Convert 103120200210 (base 4) to base 2.
10011011000100000100100
Convert -e7491 (base 16) to base 3.
-1210010111212
30103233 (base 4) to base 8
142357
What is 62a7 (base 15) in base 9?
31544
Convert 324414310 (base 5) to base 14.
287ad4
Convert 43224410 (base 5) to base 14.
97cc8
-23aa384 (base 12) to base 16
-69f394
aa4650 (base 14) to base 16
581d1e
98d8e8 (base 15) to base 5
3331112033
-3761b2 (base 14) to base 4
-13033223000
51b84a (base 12) to base 9
2367754
What is 1212202200212 (base 3) in base 16?
f3f47
10101101110010110 (base 2) to base 4
111232112
What is 202102214 (base 6) in base 9?
6454331
-10110101001010000100010 (base 2) to base 16
-5a9422
656383 (base 10) to base 12
277a27
-1232601 (base 9) to base 5
-132434132
Convert -38495 (base 13) to base 3.
-12021201222
-53345524 (base 6) to base 5
-400210221
Convert -d18edd (base 15) to base 8.
-45757132
-15634061 (base 8) to base 16
-373831
-334443 (base 8) to base 16
-1b923
-103002300000 (base 4) to base 2
-10011000010110000000000
What is 1111001110100100100 (base 2) in base 12?
200918
Convert 235785 (base 13) to base 8.
3151542
Convert -434313142 (base 5) to base 2.
-111001000011111100101
Convert 10012212200011 (base 3) to base 8.
6413653
-10133300 (base 6) to base 10
-292356
What is -2221111112010 (base 3) in base 13?
-42a335
105034 (base 11) to base 8
507477
Convert -10100111010100010111 (base 2) to base 10.
-685335
Convert 2433202 (base 5) to base 14.
12ad6
113411444 (base 5) to base 4
2001021213
27a3a7 (base 12) to base 3
1020120020201
-20000121121002 (base 3) to base 4
-30031123220
Convert 4663325 (base 11) to base 4.
133010132023
1564452 (base 9) to base 4
3110033123
Convert 101002210122000 (base 3) to base 14.
9dab8c
What is 299427 (base 13) in base 16?
f90d5
Convert -1465004 (base 8) to base 5.
-101422411
What is 2200322221 (base 4) in base 5?
132042423
Convert -14676033 (base 9) to base 12.
-2548326
Convert -120200121 (base 4) to base 5.
-11203002
-111002102122 (base 3) to base 4
-332321303
What is 1002010000222 (base 3) in base 16?
8be5c
Convert -22215531 (base 7) to base 4.
-13110311331
Convert 14336045 (base 7) to base 5.
321310404
Convert 131330220 (base 6) to base 2.
1001111001001001100100
-4412102 (base 5) to base 11
-52032
Convert -11311121120 (base 4) to base 13.
-4171b8
What is 477d9 (base 14) in base 7?
1324362
-42b7ab (base 12) to base 6
-34353135
Convert -537526 (base 8) to base 11.
-113306
Convert -479847 (base 10) to base 11.
-2a8575
Convert 327210 (base 9) to base 3.
100221020100
What is bc12d (base 16) in base 9?
1403643
Convert 2293282 (base 12) to base 16.
65a6c2
6138658 (base 9) to base 10
3273749
What is -12100121221122 (base 3) in base 10?
-2846708
134688 (base 10) to base 4
200320200
What is 13033412 (base 6) in base 7?
3415610
-110121211020 (base 3) to base 14
-66792
What is 455c3 (base 14) in base 13?
5b933
-ad1b6 (base 15) to base 11
-346684
-7a167 (base 12) to base 6
-3253011
-5480967 (base 10) to base 3
-101022110110210
Convert 288b0 (base 14) to base 9.
162773
Convert 226222 (base 9) to base 3.
20220020202
35023343 (base 6) to base 4
10012303233
Convert 370b0 (base 15) to base 9.
286863
What is -111020122112 (base 3) in base 4?
-333221312
47b44 (base 13) to base 4
200013102
-10011011110001 (base 2) to base 16
-26f1
Convert -386975 (base 10) to base 16.
-5e79f
628163 (base 10) to base 12
26362b
What is 1313212111 (base 4) in base 13?
141c8b
Convert 3c4b4 (base 13) to base 5.
12102440
2003202011 (base 4) to base 7
4402502
210000220112 (base 3) to base 10
414005
8096 (base 13) to base 15
539e
112210200202 (base 3) to base 7
2322332
Convert -18c76a7 (base 13) to base 11.
-4671043
Convert -15271032 (base 8) to base 16.
-35721a
Convert 2120002011 (base 3) to base 9.
76064
1101101100100000001 (base 2) to base 8
1554401
-122023203123 (base 4) to base 13
-1563ab3
What is 1ac3 (base 13) in base 4?
333032
What is -110100001111010101 (base 2) in base 6?
-4330341
Convert 13222586 (base 9) to base 15.
889053
-5562051 (base 7) to base 5
-133444113
-11d719 (base 14) to base 10
-613307
22070 (base 14) to base 10
82418
What is -1101000100011101010 (base 2) in base 10?
-428266
-123236 (base 16) to base 8
-4431066
4544550 (base 6) to base 13
8164b
Convert -6a182 (base 11) to base 12.
-4a7b3
What is -13453260 (base 7) in base 8?
-4626674
What is 101000100001101110001 (base 2) in base 9?
2443578
-3ff4 (base 16) to base 5
-1010442
Convert -73083a9 (base 11) to base 15.
-11eac0a
Convert -2dc91 (base 14) to base 12.
-5665b
Convert -627496 (base 13) to base 3.
-11022220110101
Convert -112300201 (base 4) to base 7.
-535525
45839 (base 12) to base 13
33300
What is -3750000 (base 9) in base 2?
-111110010001010010111
b39129 (base 13) to base 12
14a084b
What is -11030110013 (base 4) in base 9?
-2504138
65927 (base 15) to base 16
4ec7f
What is -7514 (base 14) in base 11?
-141aa
-308c1 (base 15) to base 12
-75054
-1ba6b32 (base 12) to base 7
-101340014
Convert -de0a1 (base 15) to base 14.
-14518a
Convert -20543206 (base 8) to base 14.
-81cb78
Convert -14246601 (base 7) to base 12.
-547366
-202352a (base 13) to base 16
-9449c4
10001000111010 (base 2) to base 13
3cb0
What is -17317 (base 9) in base 6?
-131111
476550 (base 9) to base 8
1060343
-457253 (base 10) to base 9
-766208
Convert -134655 (base 7) to base 12.
-12a70
What is -45036342 (base 7) in base 16?
-3b628f
Convert 251533 (base 9) to base 15.
300cc
Convert -557604 (base 11) to base 3.
-1200010210200
What is -238372 (base 10) in base 3?
-110002222121
Convert 43441112 (base 5) to base 2.
1011011011100000100
Convert 4332431 (base 5) to base 2.
10010000110000100
What is 542231 (base 6) in base 16?
ae2b
Convert -110124a (base 11) to base 2.
-111011000001110011111
Convert -111011010111011110011 (base